{"id":76,"date":"2019-03-09T11:13:51","date_gmt":"2019-03-09T11:13:51","guid":{"rendered":"http:\/\/fog.fussball-ohne-gewalt.de\/?page_id=76"},"modified":"2019-03-09T11:18:25","modified_gmt":"2019-03-09T11:18:25","slug":"21-03-2019-1830-uhr","status":"publish","type":"page","link":"http:\/\/fog.fussball-ohne-gewalt.de\/?page_id=76","title":{"rendered":"Aktuelles"},"content":{"rendered":"\n<p>Mitgliederversammlung :<\/p>\n\n\n\n<p>am Donnerstag, 21. M\u00e4rz\u00a02019, um 18:30\u00a0Uhr,<br>im Anny Kilkenny Irish Pub,<br>August-Bebel-Stra\u00dfe 52, 06108 Halle (Saale). <\/p>\n\n\n\n<p>Auszug aus der Tagesordnung :<\/p>\n\n\n\n<p>G\u00e4ste :<br>Herr Rauschenbach &#8211; Pr\u00e4sident des HFC<br>Tr\u00e4ger des Fanprojektes Sankt Georgen e.V. <\/p>\n","protected":false},"excerpt":{"rendered":"<p>Mitgliederversammlung : am Donnerstag, 21. M\u00e4rz\u00a02019, um 18:30\u00a0Uhr,im Anny Kilkenny Irish Pub,August-Bebel-Stra\u00dfe 52, 06108 Halle (Saale). Auszug aus der Tagesordnung : G\u00e4ste :Herr Rauschenbach &#8211; Pr\u00e4sident des HFCTr\u00e4ger des Fanprojektes Sankt Georgen e.V.<\/p>\n","protected":false},"author":1,"featured_media":0,"parent":0,"menu_order":0,"comment_status":"closed","ping_status":"closed","template":"","meta":{"footnotes":""},"class_list":["post-76","page","type-page","status-publish","hentry"],"_links":{"self":[{"href":"http:\/\/fog.fussball-ohne-gewalt.de\/index.php?rest_route=\/wp\/v2\/pages\/76","targetHints":{"allow":["GET"]}}],"collection":[{"href":"http:\/\/fog.fussball-ohne-gewalt.de\/index.php?rest_route=\/wp\/v2\/pages"}],"about":[{"href":"http:\/\/fog.fussball-ohne-gewalt.de\/index.php?rest_route=\/wp\/v2\/types\/page"}],"author":[{"embeddable":true,"href":"http:\/\/fog.fussball-ohne-gewalt.de\/index.php?rest_route=\/wp\/v2\/users\/1"}],"replies":[{"embeddable":true,"href":"http:\/\/fog.fussball-ohne-gewalt.de\/index.php?rest_route=%2Fwp%2Fv2%2Fcomments&post=76"}],"version-history":[{"count":2,"href":"http:\/\/fog.fussball-ohne-gewalt.de\/index.php?rest_route=\/wp\/v2\/pages\/76\/revisions"}],"predecessor-version":[{"id":78,"href":"http:\/\/fog.fussball-ohne-gewalt.de\/index.php?rest_route=\/wp\/v2\/pages\/76\/revisions\/78"}],"wp:attachment":[{"href":"http:\/\/fog.fussball-ohne-gewalt.de\/index.php?rest_route=%2Fwp%2Fv2%2Fmedia&parent=76"}],"curies":[{"name":"wp","href":"https:\/\/api.w.org\/{rel}","templated":true}]}}